70/675?
84
Suppose q = -2*o + 29 - 5, 16 = q + 4*o. Calculate the remainder when 63 is divided by q.
31
Suppose -2*a + 30 = a. What is the remainder when ((-6726)/(-885))/(1/(-10)*-2) is divided by a?
8
Let c(m) = 24*m - 70. Calculate the remainder when 68 is divided by c(4).
16
Let r = -58 - -68. Suppose 0*g + 27 = g. Calculate the remainder when g is divided by r.
7
Let v(f) = 2*f + 9. Let a(t) = -2*t - 8. Let j(m) = -4*a(m) - 5*v(m). Calculate the remainder when 8/2 + 22 + -14 is divided by j(-9).
2
Let n(g) = -472*g + 40. Let u be n(7). Calculate the remainder when u/(-78) + -1 + (-15)/(-13) is divided by 11.
9
Calculate the remainder when (-1 - -276) + 2/(-6)*-12 is divided by 10.
9
Let y(b) be the third derivative of -b**5/60 + b**4/2 - 3*b**3 - 7*b**2. Calculate the remainder when y(8) is divided by 28/6 + (-4)/(-12).
4
What is the remainder when (-1953)/(-33) + (-8)/44 is divided by 28?
3
Let x = -318 - -468. What is the remainder when x is divided by 49?
3
Let q(z) = 4*z + 7. Let x(g) = -g + 3. Let r be x(0). Let o = r - -11. What is the remainder when q(5) is divided by o?
13
Let o(y) = 22*y + 6. Let j be o(2). Let l = j + -26. What is the remainder when l is divided by 7?
3
Suppose -30 = -5*j - 3*v + 40, -5*j - 5*v = -60. What is the remainder when 48 is divided by j?
14
Let c(w) = -w**3 - 10*w**2 + 7. Suppose 3*t + 49 - 19 = 0. Let u be c(t). What is the remainder when 19/(-3 - u/(-2)) is divided by 10?
8
Let i = 159 - 113. What is the remainder when i is divided by 3/12 - (-380)/16?
22
Let g(a) = 8*a**2 + 22*a + 77. What is the remainder when g(-3) is divided by 22?
17
Let t(r) = -r**3 - 3*r**2 - 2*r - 4. Let w be t(-3). Let a = 24937 + -24894. Calculate the remainder when a is divided by 25/3 + w/3.
7
Let c(d) = d**2 + 2*d - 7. Let h be c(-9). Suppose -3*o - h = -2*g, 3*o - 106 = -4*g + 24. What is the remainder when g is divided by 20?
11
Suppose 0 = -a + 66 - 6. Calculate the remainder when 112 is divided by a.
52
Suppose 2*y + 2*w + 66 = 0, 2*y + 35 = 2*w - 51. Let c = 201 + y. Suppose 3*s - 30 = g + 79, 5*s + 3*g - c = 0. What is the remainder when 104 is divided by s?
34
Let n be 390/21 + 4/(-7). Suppose -4*f + 3*y + 8 = 0, 2*f - n = -3*y + y. Calculate the remainder when f is divided by (1 + -4)*(-3)/9.
0
Let y = 1808 + -1766. Let w = -5 - -3. Calculate the remainder when y is divided by -1*(w - -1) + 10.
9
Let x be 4 + 1 - 27/9. Suppose -3*r = x*y - 542, -7*r + 20 = -2*r. Calculate the remainder when y is divided by 38.
37
Let x(n) = n + 21. Let l be x(-14). Let v(q) = -q**3 + 9*q**2 - 10*q + 5. Let r(a) = 2*a**2 - 7*a + 5. What is the remainder when v(l) is divided by r(4)?
6
Suppose -2*o + y - 12 = -7*o, 5*o + 2*y = 9. Suppose -r + 13 - 1 = -2*f, 52 = 5*r - 2*f. Let d = 13 - r. Calculate the remainder when d is divided by o.
0
What is the remainder when 108 is divided by 25 - (3 + (3 - 0))?
13
Let f = 79 + -77. Calculate the remainder when 18/f*(-2)/(-6) is divided by 1.
0
Let b(j) = 44*j**2 + 6*j - 4. Let q be b(2). Suppose -5*v - 4*g + 467 = 0, v + v = -3*g + q. Calculate the remainder when v is divided by 24.
23
Suppose 2*f + 27 = -49. Let l(c) = -3*c - 14. Calculate the remainder when 2/(-2)*f + 1 is divided by l(-8).
9
Suppose -g + 0*y + 66 = y, -3*g = -3*y - 186. What is the remainder when 702 is divided by g?
62
Suppose 10 + 10 = 2*x + 4*j, 3*j = 12. Suppose 3*l = -3*w + 27, 2*w - 5*l - 1 = -11. Suppose -x*k = w*k - 49. Calculate the remainder when 9 is divided by k.
2
Calculate the remainder when 195 is divided by (2 - -118)/(1 - -1).
15
Suppose k + 5084 = -5*y + 20576, 4*y - 12382 = 5*k. What is the remainder when y is divided by 62?
60
What is the remainder when 141 is divided by (-2665)/(-20) + 2/16*-2?
8
Suppose 0 = -4*p - 2*f - 2, 6*p - p + 2*f = 0. Suppose 3*v - p*v = -5*q + 81, 5*v - 31 = -3*q. Calculate the remainder when 30 is divided by q.
13
Let p(g) = 3*g**2 + 12*g + 20. Let s be p(-8). Let o = 179 - s. Calculate the remainder when o is divided by 6.
3
What is the remainder when (-1275)/(-5) - (-1 - -3) is divided by 51?
49
Suppose 11*g + 6*g = 2193. Let x(u) = -6*u + 20. Calculate the remainder when g is divided by x(-4).
41
Let k be (1 + 0 + 4)/(-1). Calculate the remainder when (-195)/k + 1 + -1 is divided by 14.
11
Suppose 0 = -14*p + 878 + 88. Let w = 14 - 8. Suppose -3*r + 64 = 5*k, 3*r = k - w - 14. What is the remainder when p is divided by k?
13
Let g(a) = -a**3 + 8*a**2 + 10*a - 7. Let n = 9 - 8. What is the remainder when (10/8)/(n/4) is divided by g(9)?
1
Suppose 32*t = -3*t + 855 - 85. Let o = -34 - -24. Calculate the remainder when (-2)/5 + (-414)/o is divided by t.
19
Let s(h) = -h**2 + 7*h + 6. Let i be s(8). What is the remainder when (62 + 0)*(i + 3) is divided by 17?
11
Let i = -57 - -60. Suppose -5*d = -3*m + 24, m - 6 = 3*m + 4*d. Calculate the remainder when i is divided by m.
0
Let k = 76 + -17. Calculate the remainder when k is divided by (-4 + 3)*-2 + (11 - -3).
11
Let t(x) = 2*x**2 - 21*x + 13. Suppose 3*g = 4*g - 10. What is the remainder when 6 is divided by t(g)?
0
Suppose b - 37 = 7. What is the remainder when b is divided by 2/7 - 82/(-7)?
8
Let h(c) = c + 84. Calculate the remainder when h(-19) is divided by 4.
1
Suppose -u - 4 = -5*d - 0, 0 = -d + 4*u - 3. Suppose -5 = 2*k - 7*k - 5*c, 0 = k - 3*c - 17. What is the remainder when k is divided by d?
0
Calculate the remainder when 429 is divided by 224/12*(-54)/(-21).
45
Suppose 3*h + 2*u = 6*h - 225, -4*h + 300 = -3*u. Calculate the remainder when 372 is divided by h.
72
Let t = 66 + 60. What is the remainder when t is divided by 13?
9
Let x = -1215 + 1269. Calculate the remainder when 104 is divided by x.
50
Suppose -2*q - 120 = 8*h - 10*h, -4*h = -5*q - 238. What is the remainder when h is divided by 29?
4
Suppose -h + 22 = y, 4*h = -3*y + 40 + 28. What is the remainder when 31 is divided by y?
11
Let a = 443 + -209. Suppose 3*d - a = -3*i, -5*d = -3*i - 2*i - 410. Calculate the remainder when d is divided by 28.
24
Let s(k) = 11*k - 205. What is the remainder when 14 is divided by s(19)?
2
Let z = -88 + 94. Suppose 7*y = z*y + 38. What is the remainder when y is divided by 20?
18
Let t(m) = m**3 - 12*m**2 - 8*m. Let c be t(13). Suppose -5*k - 13 = 4*x - 118, -4*x + 3*k = -c. Calculate the remainder when 37 is divided by x.
17
Let q(n) = 24*n**3 + 5*n**2 + 2*n - 3. Let l(i) = 49*i**3 + 11*i**2 + 4*i - 7. Let p(w) = 4*l(w) - 9*q(w). Calculate the remainder when 98 is divided by p(-1).
18
Let i = 64 - 0. Suppose 7*k + 10 + 4 = 0. Calculate the remainder when i is divided by (66*k/(-8))/(9/12).
20
Suppose -12*o - 290 + 434 = 0. What is the remainder when 31 is divided by o?
7
Let x be 0 + 4 + (0 - 4). Suppose s = 2*u - 24, -5*u - s = -x*s - 60. Calculate the remainder when 22 is divided by u.
10
Let a = -25 - -42. Suppose 3*j - 5*l + 10 = -0, -5*j + 45 = 4*l. Suppose j*o + 84 = 6*o. What is the remainder when o is divided by a?
16
Let q(t) = 34*t**3 - 3*t - 2. Let c = 31 - 32. Let h be q(c). Let l = -29 - h. What is the remainder when l is divided by 2?
0
Suppose -163*y - 630 = -168*y. Calculate the remainder when y is divided by 33.
27
Let a(s) = 20*s**3 - s + 1. Let t be 1/((-2)/(-6)) + -2. Let o be a(t). Let d = -6 + o. What is the remainder when 27 is divided by d?
13
Suppose -3*j = 6*j - 1710. Calculate the remainder when j is divided by 39.
34
Suppose 0 = i - 3*b - 39, -56 = 3*i + 4*b - 134. What is the remainder when 118 is divided by i?
28
Suppose -5*c + 5*y + 95 = 2*y, -4*c + 2*y = -74. Let b = c + -10. Let m = 25 - 8. What is the remainder when m is divided by b?
5
Let h(y) = y**3 - 3*y**2 - 3. Suppose 6*p - 15 = p. Suppose -3*q + 33 = p*u, 5*u - 5*q - 16 = 9. What is the remainder when h(4) is divided by u?
5
Let l(s) = -s**2 - 12*s + 39. Calculate the remainder when l(-10) is divided by 21.
17
Let j = 3 - 118. Let v = j - -53. Let n = -34 - v. What is the remainder when 54 is divided by n?
26
Suppose -210 = -16*w + 1374. Suppose 4*o - 100 = 4*d, 2*d - 105 = -4*o + d. Calculate the remainder when w is divided by o.
21
Let i be (5/(-2))/(2/12). What is the remainder when (-1)/(-5) - (567/i + -7) is divided by 16?
13
Let q = 427 + -397. What is the remainder when 145 is divided by q?
25
Let o = 64 - -50. Wh